 the remainder when 4605295 is divided by 354243?
136
Calculate the remainder when 721802 is divided by 443.
155
Calculate the remainder when 28857516 is divided by 138738.
12
Calculate the remainder when 4442895 is divided by 42.
9
Calculate the remainder when 16468729 is divided by 2197.
17
Calculate the remainder when 24549598 is divided by 120.
118
What is the remainder when 1624753 is divided by 147640?
713
What is the remainder when 153431358 is divided by 30674?
10
Calculate the remainder when 86781 is divided by 43071.
639
Calculate the remainder when 231065336 is divided by 113.
111
Calculate the remainder when 45417 is divided by 45383.
34
What is the remainder when 752551755 is divided by 121?
120
Calculate the remainder when 1189396 is divided by 378.
208
What is the remainder when 6675304 is divided by 2018?
1778
Calculate the remainder when 187675 is divided by 873.
853
What is the remainder when 252459213 is divided by 50491839?
18
Calculate the remainder when 13467278 is divided by 142.
140
What is the remainder when 180125 is divided by 1574?
689
What is the remainder when 13761474 is divided by 349?
55
What is the remainder when 10809 is divided by 6587?
4222
Calculate the remainder when 4939471 is divided by 617431.
23
What is the remainder when 1608783 is divided by 912?
15
Calculate the remainder when 2546305685 is divided by 1048.
1045
Calculate the remainder when 192936 is divided by 177.
6
Calculate the remainder when 26847622 is divided by 657.
631
What is the remainder when 7417314 is divided by 370813?
1054
Calculate the remainder when 570236 is divided by 2729.
2604
What is the remainder when 71414 is divided by 388?
22
What is the remainder when 1247383 is divided by 311826?
79
What is the remainder when 1421348661 is divided by 218?
215
What is the remainder when 113610 is divided by 70?
0
What is the remainder when 3439130 is divided by 30981?
239
Calculate the remainder when 1171042 is divided by 292599.
646
What is the remainder when 3042036 is divided by 33?
30
Calculate the remainder when 542805 is divided by 271388.
29
What is the remainder when 7138129 is divided by 7138125?
4
What is the remainder when 3266380 is divided by 23?
12
Calculate the remainder when 2162211 is divided by 538.
527
What is the remainder when 5117443 is divided by 393649?
6
Calculate the remainder when 1157719 is divided by 11694.
13
What is the remainder when 26780 is divided by 26205?
575
Calculate the remainder when 4073464 is divided by 65.
44
Calculate the remainder when 4774 is divided by 169.
42
What is the remainder when 126412879 is divided by 8?
7
Calculate the remainder when 217122 is divided by 13569.
18
Calculate the remainder when 7501794 is divided by 217.
104
Calculate the remainder when 414845 is divided by 46020.
665
What is the remainder when 19663320 is divided by 226?
190
Calculate the remainder when 406240 is divided by 2638.
2626
Calculate the remainder when 25960270 is divided by 13.
11
What is the remainder when 647908 is divided by 323910?
88
What is the remainder when 4880831 is divided by 14?
11
What is the remainder when 2591987 is divided by 86396?
107
Calculate the remainder when 1208534 is divided by 607.
604
Calculate the remainder when 1077287173 is divided by 95.
93
What is the remainder when 867901757 is divided by 722?
719
Calculate the remainder when 20678 is divided by 58.
30
Calculate the remainder when 3975558 is divided by 760.
758
What is the remainder when 1800464 is divided by 900158?
148
What is the remainder when 511662 is divided by 443?
440
What is the remainder when 182856 is divided by 335?
281
What is the remainder when 4167734 is divided by 4167609?
125
Calculate the remainder when 258827923 is divided by 33878.
3
Calculate the remainder when 81754980 is divided by 8175498.
0
What is the remainder when 18060 is divided by 7564?
2932
Calculate the remainder when 1009157 is divided by 504382.
393
Calculate the remainder when 51200 is divided by 4153.
1364
Calculate the remainder when 221831 is divided by 14.
1
What is the remainder when 10737 is divided by 128?
113
What is the remainder when 44566 is divided by 6354?
88
Calculate the remainder when 150588435 is divided by 18823554.
3
What is the remainder when 86811794 is divided by 65?
4
Calculate the remainder when 34108 is divided by 3782.
70
What is the remainder when 5091853 is divided by 242469?
4
What is the remainder when 77235127 is divided by 4188?
31
Calculate the remainder when 77059 is divided by 18767.
1991
Calculate the remainder when 362213 is divided by 72435.
38
Calculate the remainder when 35105699 is divided by 5487.
5360
Calculate the remainder when 36940933 is divided by 1353.
1327
Calculate the remainder when 258108247 is divided by 6452706.
7
Calculate the remainder when 2969486 is divided by 174675.
11
Calculate the remainder when 123235 is divided by 28885.
7695
What is the remainder when 7687436 is divided by 29?
0
Calculate the remainder when 767710 is divided by 109660.
90
What is the remainder when 1163732 is divided by 1163716?
16
Calculate the remainder when 384634 is divided by 37.
19
What is the remainder when 54453000 is divided by 459?
453
What is the remainder when 248498 is divided by 17744?
82
What is the remainder when 283811774 is divided by 65?
64
Calculate the remainder when 543055 is divided by 605.
370
Calculate the remainder when 3108 is divided by 434.
70
What is the remainder when 155286 is divided by 7394?
12
Calculate the remainder when 2643594 is divided by 117.
96
Calculate the remainder when 1352834384 is divided by 358.
356
Calculate the remainder when 2081 is divided by 1016.
49
What is the remainder when 466251 is divided by 1895?
81
What is the remainder when 994513519 is divided by 28?
27
What is the remainder when 16450812 is divided by 9839?
4
What is the remainder when 201943 is divided by 40163?
1128
Calculate the remainder when 307591 is divided by 1383.
565
What is the remainder when 94044 is divided by 23480?
124
Calculate the remainder when 125692 is divided by 41772.
376
Calculate the remainder when 1725802 is divided by 39.
13
What is the remainder when 5532357 is divided by 553233?
27
Calculate the remainder when 2401328 is divided by 4195.
1788
What is the remainder when 900580 is divided by 5088?
4
Calculate the remainder when 4195514 is divided by 6810.
554
What is the remainder when 512579 is divided by 25?
4
Calculate the remainder when 255371 is divided by 397.
100
What is the remainder when 124494 is divided by 24883?
79
What is the remainder when 65422 is divided by 2332?
126
What is the remainder when 655765 is divided by 28511?
12
What is the remainder when 17515245 is divided by 139?
133
Calculate the remainder when 5418088 is divided by 2176.
2024
What is the remainder when 57174359 is divided by 102463?
5
What is the remainder when 82298856 is divided by 5?
1
What is the remainder when 145371 is divided by 36292?
203
Calculate the remainder when 80416769 is divided by 14.
13
What is the remainder when 10744523 is divided by 316015?
13
Calculate the remainder when 2881414 is divided by 111.
76
Calculate the remainder when 8362160 is divided by 9.
8
What is the remainder when 328430 is divided by 108968?
1526
What is the remainder when 8855547 is divided by 275?
272
Calculate the remainder when 12557952 is divided by 129.
60
Calculate the remainder when 1940160 is divided by 60630.
0
What is the remainder when 1737660 is divided by 193065?
75
Calculate the remainder when 1293668528 is divided by 154.
152
Calculate the remainder when 2071165 is divided by 51777.
85
Calculate the remainder when 14059 is divided by 14041.
18
What is the remainder when 37664254 is divided by 1761?
1747
What is the remainder when 9864383 is divided by 34?
31
What is the remainder when 1541785 is divided by 39?
37
Calculate the remainder when 994957517 is divided by 6640.
6637
What is the remainder when 518724 is divided by 975?
24
What is the remainder when 103385 is divided by 102592?
793
Calculate the remainder when 440994 is divided by 1125.
1119
What is the remainder when 132206 is divided by 4130?
46
What is the remainder when 54880 is divided by 26733?
1414
Calcula